{"id":28,"date":"2020-11-16T20:01:00","date_gmt":"2020-11-16T20:01:00","guid":{"rendered":"https:\/\/nabu-lampertheim.de\/?page_id=28"},"modified":"2026-05-02T10:00:00","modified_gmt":"2026-05-02T10:00:00","slug":"home","status":"publish","type":"page","link":"https:\/\/www.nabu-lampertheim.de\/","title":{"rendered":"Herzlich Willkommen!"},"content":{"rendered":"\n<p>Auf diesen Seiten finden Sie Infos zur <strong>NABU Gruppe Lampertheim e.V.<\/strong><\/p>\n\n\n\n<p><\/p>\n\n\n\n<p>Bei Interesse kommen Sie doch einfach mal zu einem Treffen\/Veranstaltung\/Arbeitseinsatz unserer NABU Gruppe oder kontaktieren uns per Mail bzw. Facebook. Wir freuen uns \u00fcber jede Hilfe und \u00fcber jegliches Engagement und hoffen, dass wir mit unserem vielf\u00e4ltigen Angebot Ihr Interesse wecken!<\/p>\n\n\n\n<p>Wer unsere Gruppe unterst\u00fctzen m\u00f6chte, kann sich bei uns <a href=\"https:\/\/www.nabu-lampertheim.de\/?page_id=33\">per Mail<\/a> melden!<\/p>\n\n\n\n<p>Zudem informieren wir Sie \u00fcber unsere aktuellen bzw. anstehenden <a href=\"https:\/\/www.nabu-lampertheim.de\/?page_id=223\" data-type=\"page\" data-id=\"223\">Termine<\/a> sowie <a href=\"https:\/\/www.nabu-lampertheim.de\/?page_id=1328\" data-type=\"page\" data-id=\"1328\">aktuelle Projekte<\/a>.<\/p>\n\n\n\n<p><\/p>\n\n\n\n<figure class=\"wp-block-gallery aligncenter has-nested-images columns-default is-cropped wp-block-gallery-1 is-layout-flex wp-block-gallery-is-layout-flex\">\n<figure class=\"wp-block-image size-large\"><img loading=\"lazy\" decoding=\"async\" width=\"1024\" height=\"684\" data-id=\"1344\" src=\"https:\/\/www.nabu-lampertheim.de\/wp-content\/uploads\/2025\/07\/Storchenst_13-1024x684.jpg\" alt=\"\" class=\"wp-image-1344\" srcset=\"https:\/\/www.nabu-lampertheim.de\/wp-content\/uploads\/2025\/07\/Storchenst_13-1024x684.jpg 1024w, https:\/\/www.nabu-lampertheim.de\/wp-content\/uploads\/2025\/07\/Storchenst_13-300x200.jpg 300w, https:\/\/www.nabu-lampertheim.de\/wp-content\/uploads\/2025\/07\/Storchenst_13-768x513.jpg 768w, https:\/\/www.nabu-lampertheim.de\/wp-content\/uploads\/2025\/07\/Storchenst_13-1536x1025.jpg 1536w, https:\/\/www.nabu-lampertheim.de\/wp-content\/uploads\/2025\/07\/Storchenst_13-2048x1367.jpg 2048w, https:\/\/www.nabu-lampertheim.de\/wp-content\/uploads\/2025\/07\/Storchenst_13-1797x1200.jpg 1797w, https:\/\/www.nabu-lampertheim.de\/wp-content\/uploads\/2025\/07\/Storchenst_13-640x427.jpg 640w\" sizes=\"auto, (max-width: 1024px) 100vw, 1024px\" \/><figcaption class=\"wp-element-caption\"><em>NABU Lampertheim<\/em> <em>Storchenstation, Foto: A. Hartkorn<\/em><\/figcaption><\/figure>\n<\/figure>\n\n\n\n<div style=\"height:9px\" aria-hidden=\"true\" class=\"wp-block-spacer\"><\/div>\n\n\n\n<hr class=\"wp-block-separator has-alpha-channel-opacity\"\/>\n\n\n\n<h3 class=\"wp-block-heading\"><img loading=\"lazy\" decoding=\"async\" width=\"110\" height=\"58\" class=\"wp-image-503\" style=\"width: 110px;\" src=\"https:\/\/www.nabu-lampertheim.de\/wp-content\/uploads\/2021\/06\/coollogo.gif\" alt=\"\"><\/h3>\n\n\n\n<p><strong>Samstag, 9. Mai: <\/strong>Naturschutzjugend (NAJU), 10.00 &#8211; 12.00 Uhr, Nisthilfen bauen, Lampertheim, In den G\u00e4rten 27.<\/p>\n\n\n\n<p><strong>Sonntag, 10. Mai:<\/strong> Exkursion &#8222;Abendliche Vogelstimmenwanderung&#8220; mit Dr. Petermann; 18.00 Uhr, an der Br\u00fccke zum Biedensand. <\/p>\n\n\n\n<p><strong>Sonntag, 31. Mai: <\/strong>Botanische &#8222;Ess&#8220;kursion, 10.00 &#8211; 12.00 Uhr, &#8222;Von der Wiese auf den Teller&#8220;, Lampertheim, Reithalle.<\/p>\n\n\n\n<hr class=\"wp-block-separator has-alpha-channel-opacity\"\/>\n\n\n\n<ul class=\"wp-block-social-links is-layout-flex wp-block-social-links-is-layout-flex\"><li class=\"wp-social-link wp-social-link-facebook  wp-block-social-link\"><a href=\"https:\/\/www.facebook.com\/NABU-Lampertheim-eV-962110197138382\/?ref=settings\" class=\"wp-block-social-link-anchor\"><svg width=\"24\" height=\"24\" viewBox=\"0 0 24 24\" version=\"1.1\" xmlns=\"http:\/\/www.w3.org\/2000\/svg\" aria-hidden=\"true\" focusable=\"false\"><path d=\"M12 2C6.5 2 2 6.5 2 12c0 5 3.7 9.1 8.4 9.9v-7H7.9V12h2.5V9.8c0-2.5 1.5-3.9 3.8-3.9 1.1 0 2.2.2 2.2.2v2.5h-1.3c-1.2 0-1.6.8-1.6 1.6V12h2.8l-.4 2.9h-2.3v7C18.3 21.1 22 17 22 12c0-5.5-4.5-10-10-10z\"><\/path><\/svg><span class=\"wp-block-social-link-label screen-reader-text\">Facebook<\/span><\/a><\/li>\n\n\n\n\n\n\n\n\n\n<\/ul>\n\n\n\n<div class=\"wp-block-group has-background\" style=\"background-color:#ffaa0061\"><div class=\"wp-block-group__inner-container is-layout-constrained wp-block-group-is-layout-constrained\">\n<p class=\"has-vivid-red-color has-text-color\" style=\"font-size:22px\"><strong>Infos\/Adressen &#8211; Nothilfe Tiere:<\/strong><\/p>\n\n\n\n<p>+++ <strong>Verletzter Vogel in Lampertheim?<\/strong> +++ <strong> Wildvogelhilfe:<\/strong> <a href=\"https:\/\/www.nabu-lampertheim.de\/?page_id=741\" target=\"_blank\" rel=\"noreferrer noopener\">flyer Wildvogelhilfe<\/a><\/p>\n\n\n\n<p>+++ <strong>Fledermaus-Notruf<\/strong> +++ Tel.: 06254-940669 oder 06252-4830.<\/p>\n\n\n\n<figure class=\"wp-block-table\"><table class=\"has-fixed-layout\"><tbody><tr><td>+++ <strong>Erstversorgung f\u00fcr Igel \u2013 Was tun, wenn du einen hilfsbed\u00fcrftigen Igel findest?<\/strong><br><br>Im Fr\u00fchjahr wachen viele Igel aus dem Winterschlaf auf \u2013 doch nicht alle sind fit genug, um allein zu \u00fcberleben. Falls du einen geschw\u00e4chten oder verletzten Igel findest, solltest du schnell handeln. Hier die wichtigsten Schritte zur Erstversorgung:<br>\ud83d\udd39&nbsp;<strong>Kein Futter und kein Wasser geben!<\/strong>&nbsp;Ein geschw\u00e4chter Igel kann sich verschlucken oder das Falsche aufnehmen.<br>\ud83d\udd39&nbsp;<strong>Igel wiegen<\/strong>&nbsp;\u2013 Unter 600 g ist ein Alarmzeichen, besonders nach dem Winterschlaf.<br>\ud83d\udd39&nbsp;<strong>Auf Parasiten untersuchen<\/strong>&nbsp;\u2013 Fliegeneier (sehen aus wie kleine, dichte Reisk\u00f6rnchen) oder Maden m\u00fcssen umgehend entfernt werden.<br>\ud83d\udd39&nbsp;<strong>Nach Wunden schauen<\/strong>&nbsp;\u2013 Verletzungen k\u00f6nnen gef\u00e4hrlich sein.<br>\ud83d\udd39&nbsp;<strong>W\u00e4rme geben<\/strong>&nbsp;\u2013 Eine mit warmem (nicht hei\u00dfem!) Wasser gef\u00fcllte Flasche in ein d\u00fcnnes Handtuch wickeln und den Igel vorsichtig darauf setzen. Er muss aber die M\u00f6glichkeit haben, selbst herunterzugehen, um \u00dcberhitzung zu vermeiden.<br>\ud83d\udd39&nbsp;<strong>Bauchtemperatur pr\u00fcfen<\/strong>&nbsp;\u2013 Erst wenn der Bauch handwarm ist, darf Futter angeboten werden, maximal&nbsp;<strong>1 Teel\u00f6ffel pro Stunde<\/strong>.<br>\ud83d\udd39&nbsp;<strong>Geeignetes Futter:<\/strong><br>\u2714\ufe0f Schlonziges R\u00fchrei<br>\u2714\ufe0f Katzenfutter mit mind. 60 % Fleischanteil (ohne So\u00dfe, ohne Gelee)<br>\u274c&nbsp;<strong>Nicht geeignet:<\/strong>&nbsp;Haferflocken, Milch oder Brot!\ud83d\udd39&nbsp;<strong>Unterbringung:<\/strong><br>Ein Karton oder eine Plastikbox mit ausgelegter Zeitung oder einem Handtuch ohne Schlaufen reicht aus. Ein kleiner Karton als R\u00fcckzugsort hilft dem Igel, sich sicher zu f\u00fchlen.&nbsp;<strong>Wichtig:<\/strong>&nbsp;Kein Heu, Bl\u00e4tter, Zweige, Erde, Katzenstreu oder Sand verwenden!\ud83d\udcde&nbsp;<strong>Unbedingt eine Igelstation kontaktieren!<\/strong><br>Gerade im Winter gefundene Igel (von&nbsp;<strong>Ende Oktober bis Ende April<\/strong>) brauchen dringend professionelle Hilfe.<strong>Kontakt:<\/strong><br>\ud83d\udccd&nbsp;<strong>Nicole Wanderlingh<\/strong><br>\ud83d\udcde&nbsp;0163 \/ 9047634 &#8211; Danke, dass du hilfst, unsere Igel zu sch\u00fctzen! \ud83e\udd94\ud83d\udc9a<\/td><\/tr><\/tbody><\/table><\/figure>\n\n\n\n<p><\/p>\n\n\n\n<hr class=\"wp-block-separator has-alpha-channel-opacity\"\/>\n<\/div><\/div>\n\n\n\n<div style=\"height:6px\" aria-hidden=\"true\" class=\"wp-block-spacer\"><\/div>\n\n\n\n<figure class=\"wp-block-image\"><img loading=\"lazy\" decoding=\"async\" width=\"300\" height=\"200\" src=\"https:\/\/nabu-lampertheim.de\/wp-content\/uploads\/2021\/02\/141222-nabu-bechsteinfledermaus-christian-stein2-1-300x200.jpeg\" alt=\"\" class=\"wp-image-450\" srcset=\"https:\/\/www.nabu-lampertheim.de\/wp-content\/uploads\/2021\/02\/141222-nabu-bechsteinfledermaus-christian-stein2-1-300x200.jpeg 300w, https:\/\/www.nabu-lampertheim.de\/wp-content\/uploads\/2021\/02\/141222-nabu-bechsteinfledermaus-christian-stein2-1-640x426.jpeg 640w, https:\/\/www.nabu-lampertheim.de\/wp-content\/uploads\/2021\/02\/141222-nabu-bechsteinfledermaus-christian-stein2-1.jpeg 680w\" sizes=\"auto, (max-width: 300px) 100vw, 300px\" \/><figcaption class=\"wp-element-caption\">NABU Fledermaus-Info-Telefon: 030-284984-5000<\/figcaption><\/figure>\n\n\n\n<div style=\"height:18px\" aria-hidden=\"true\" class=\"wp-block-spacer\"><\/div>\n\n\n\n<figure class=\"wp-block-image size-large is-resized\"><img loading=\"lazy\" decoding=\"async\" width=\"873\" height=\"1024\" src=\"https:\/\/www.nabu-lampertheim.de\/wp-content\/uploads\/2021\/09\/IMG-20210920-WA0016-873x1024.jpg\" alt=\"\" class=\"wp-image-584\" style=\"width:316px;height:370px\" srcset=\"https:\/\/www.nabu-lampertheim.de\/wp-content\/uploads\/2021\/09\/IMG-20210920-WA0016-873x1024.jpg 873w, https:\/\/www.nabu-lampertheim.de\/wp-content\/uploads\/2021\/09\/IMG-20210920-WA0016-256x300.jpg 256w, https:\/\/www.nabu-lampertheim.de\/wp-content\/uploads\/2021\/09\/IMG-20210920-WA0016-768x901.jpg 768w, https:\/\/www.nabu-lampertheim.de\/wp-content\/uploads\/2021\/09\/IMG-20210920-WA0016-1022x1200.jpg 1022w, https:\/\/www.nabu-lampertheim.de\/wp-content\/uploads\/2021\/09\/IMG-20210920-WA0016-545x640.jpg 545w, https:\/\/www.nabu-lampertheim.de\/wp-content\/uploads\/2021\/09\/IMG-20210920-WA0016.jpg 1077w\" sizes=\"auto, (max-width: 873px) 100vw, 873px\" \/><\/figure>\n\n\n\n<p><mark style=\"background-color:rgba(0, 0, 0, 0)\" class=\"has-inline-color has-black-color\"><strong>Auszug unserer vielf\u00e4ltigen Naturschutz-Aktionen und Projekte:<\/strong><\/mark><\/p>\n\n\n\n<ul style=\"background:radial-gradient(rgb(238,238,238) 100%,rgb(169,184,195) 100%)\" class=\"wp-block-list has-background\">\n<li><a href=\"https:\/\/nabu-lampertheim.de\/?page_id=146\" data-type=\"page\" data-id=\"146\">Amphibien<\/a>-, <a href=\"https:\/\/www.nabu-lampertheim.de\/?page_id=741\" data-type=\"page\" data-id=\"741\">Vogel<\/a>-, <a href=\"https:\/\/www.nabu-lampertheim.de\/?page_id=570\" data-type=\"page\" data-id=\"570\">Schwalben<\/a>&#8211; und <a href=\"https:\/\/nabu-lampertheim.de\/?page_id=150\" data-type=\"page\" data-id=\"150\">Fledermausschutz<\/a> <\/li>\n\n\n\n<li>Pflege der <a href=\"https:\/\/nabu-lampertheim.de\/?page_id=31\" data-type=\"page\" data-id=\"31\">betreuten Gebiete<\/a> mit der <a href=\"https:\/\/www.nabu-lampertheim.de\/?page_id=31\" data-type=\"page\" data-id=\"31\">Sandgrube Feuerstein<\/a>, eines <a href=\"https:\/\/www.nabu-lampertheim.de\/?page_id=31\" data-type=\"page\" data-id=\"31\">Sandmagerrasens<\/a> und der ehemaligen <a href=\"https:\/\/www.nabu-lampertheim.de\/?page_id=31\" data-type=\"page\" data-id=\"31\">Storchenstation<\/a> <\/li>\n\n\n\n<li>Kontrolle\/Pflege von 200 Nistk\u00e4sten im Lampertheimer Wald, <\/li>\n\n\n\n<li>Pflanzentauschb\u00f6rse (Schillerplatz), Tag der offenen T\u00fcr, Tag der Sch\u00f6pfung (Feuersteingrube)<\/li>\n\n\n\n<li><a href=\"https:\/\/nabu-lampertheim.de\/?page_id=32\" data-type=\"page\" data-id=\"32\">NAJU<\/a>-Kindergruppe<\/li>\n\n\n\n<li>Fr\u00fchjahrs-\/Fr\u00fchsommer-Veranstaltungen auf der ehemaligen Storchenstation f\u00fcr Kinderg\u00e4rten, Schulklassen (nach Anmeldung)&nbsp;<\/li>\n<\/ul>\n\n\n\n<hr class=\"wp-block-separator has-alpha-channel-opacity\"\/>\n\n\n\n<p><\/p>\n\n\n\n<p><\/p>\n\n\n\n<p><\/p>\n\n\n\n<p><\/p>\n\n\n\n<p><\/p>\n\n\n\n\n\n<figure class=\"wp-block-gallery has-nested-images columns-default is-cropped wp-block-gallery-2 is-layout-flex wp-block-gallery-is-layout-flex\"><\/figure>\n\n\n\n\n\n\n\n\n\n\n","protected":false},"excerpt":{"rendered":"<p>Auf diesen Seiten finden Sie Infos zur NABU Gruppe Lampertheim e.V. Bei Interesse kommen Sie doch einfach mal zu einem Treffen\/Veranstaltung\/Arbeitseinsatz unserer NABU Gruppe oder kontaktieren uns per Mail bzw. Facebook. Wir freuen uns \u00fcber jede Hilfe und&#8230; <a class=\"read-more\" href=\"https:\/\/www.nabu-lampertheim.de\/\">Mehr erfahren<\/a><\/p>\n","protected":false},"author":1,"featured_media":0,"parent":0,"menu_order":0,"comment_status":"closed","ping_status":"closed","template":"","meta":{"footnotes":""},"class_list":["post-28","page","type-page","status-publish","hentry","no-comments"],"_links":{"self":[{"href":"https:\/\/www.nabu-lampertheim.de\/index.php?rest_route=\/wp\/v2\/pages\/28","targetHints":{"allow":["GET"]}}],"collection":[{"href":"https:\/\/www.nabu-lampertheim.de\/index.php?rest_route=\/wp\/v2\/pages"}],"about":[{"href":"https:\/\/www.nabu-lampertheim.de\/index.php?rest_route=\/wp\/v2\/types\/page"}],"author":[{"embeddable":true,"href":"https:\/\/www.nabu-lampertheim.de\/index.php?rest_route=\/wp\/v2\/users\/1"}],"replies":[{"embeddable":true,"href":"https:\/\/www.nabu-lampertheim.de\/index.php?rest_route=%2Fwp%2Fv2%2Fcomments&post=28"}],"version-history":[{"count":316,"href":"https:\/\/www.nabu-lampertheim.de\/index.php?rest_route=\/wp\/v2\/pages\/28\/revisions"}],"predecessor-version":[{"id":1490,"href":"https:\/\/www.nabu-lampertheim.de\/index.php?rest_route=\/wp\/v2\/pages\/28\/revisions\/1490"}],"wp:attachment":[{"href":"https:\/\/www.nabu-lampertheim.de\/index.php?rest_route=%2Fwp%2Fv2%2Fmedia&parent=28"}],"curies":[{"name":"wp","href":"https:\/\/api.w.org\/{rel}","templated":true}]}}